What is the hundreds digit of 127894?
8
What is the units digit of 12358?
8
What is the hundreds digit of 1634?
6
What is the tens digit of 29797?
9
What is the thousands digit of 2968?
2
What is the units digit of 6737?
7
What is the hundreds digit of 61386?
3
What is the tens digit of 4948?
4
What is the hundreds digit of 10577?
5
What is the tens digit of 2095?
9
What is the hundreds digit of 740?
7
What is the tens digit of 2321?
2
What is the hundreds digit of 55641?
6
What is the tens digit of 21213?
1
What is the units digit of 604?
4
What is the tens digit of 1090?
9
What is the tens digit of 14044?
4
What is the tens digit of 891?
9
What is the ten thousands digit of 59670?
5
What is the thousands digit of 2726?
2
What is the units digit of 2856?
6
What is the hundreds digit of 10564?
5
What is the ten thousands digit of 22982?
2
What is the tens digit of 5337?
3
What is the units digit of 302?
2
What is the units digit of 7366?
6
What is the hundreds digit of 365?
3
What is the tens digit of 56777?
7
What is the units digit of 276?
6
What is the thousands digit of 28730?
8
What is the thousands digit of 59501?
9
What is the hundreds digit of 76833?
8
What is the tens digit of 8874?
7
What is the tens digit of 1827?
2
What is the tens digit of 4264?
6
What is the tens digit of 49673?
7
What is the thousands digit of 33381?
3
What is the thousands digit of 107124?
7
What is the units digit of 1838?
8
What is the hundreds digit of 7328?
3
What is the hundreds digit of 68634?
6
What is the tens digit of 415?
1
What is the tens digit of 1686?
8
What is the thousands digit of 41242?
1
What is the thousands digit of 2189?
2
What is the units digit of 2805?
5
What is the tens digit of 7471?
7
What is the hundreds digit of 47348?
3
What is the tens digit of 70?
7
What is the tens digit of 778?
7
What is the thousands digit of 4828?
4
What is the hundred thousands digit of 140399?
1
What is the tens digit of 54?
5
What is the units digit of 17562?
2
What is the units digit of 1210?
0
What is the thousands digit of 19599?
9
What is the tens digit of 1770?
7
What is the ten thousands digit of 10870?
1
What is the hundreds digit of 27452?
4
What is the tens digit of 10832?
3
What is the units digit of 487?
7
What is the tens digit of 10199?
9
What is the thousands digit of 45511?
5
What is the units digit of 6102?
2
What is the thousands digit of 1681?
1
What is the ten thousands digit of 21327?
2
What is the thousands digit of 6656?
6
What is the ten thousands digit of 22088?
2
What is the tens digit of 10346?
4
What is the tens digit of 1561?
6
What is the units digit of 4266?
6
What is the hundreds digit of 3888?
8
What is the ten thousands digit of 32810?
3
What is the hundreds digit of 15744?
7
What is the tens digit of 15795?
9
What is the units digit of 1162?
2
What is the units digit of 15294?
4
What is the units digit of 6480?
0
What is the tens digit of 5279?
7
What is the tens digit of 24451?
5
What is the tens digit of 314?
1
What is the tens digit of 3773?
7
What is the tens digit of 25709?
0
What is the units digit of 11733?
3
What is the ten thousands digit of 23886?
2
What is the thousands digit of 3728?
3
What is the hundreds digit of 33426?
4
What is the ten thousands digit of 12481?
1
What is the tens digit of 11157?
5
What is the ten thousands digit of 103503?
0
What is the thousands digit of 18175?
8
What is the hundreds digit of 11678?
6
What is the hundreds digit of 16161?
1
What is the units digit of 703?
3
What is the hundreds digit of 967?
9
What is the units digit of 71320?
0
What is the tens digit of 39120?
2
What is the hundreds digit of 36766?
7
What is the thousands digit of 8345?
8
What is the hundreds digit of 15664?
6
What is the tens digit of 22858?
5
What is the units digit of 18682?
2
What is the tens digit of 881?
8
What is the hundreds digit of 3071?
0
What is the thousands digit of 25514?
5
What is the ten thousands digit of 83961?
8
What is the tens digit of 9146?
4
What is the hundreds digit of 2095?
0
What is the units digit of 8914?
4
What is the ten thousands digit of 23316?
2
What is the hundreds digit of 15527?
5
What is the hundreds digit of 4593?
5
What is the hundreds digit of 23777?
7
What is the hundreds digit of 786?
7
What is the hundreds digit of 3519?
5
What is the hundreds digit of 148?
1
What is the hundreds digit of 2631?
6
What is the hundreds digit of 63492?
4
What is the units digit of 4036?
6
What is the thousands digit of 7897?
7
What is the thousands digit of 1151?
1
What is the ten thousands digit of 23515?
2
What is the units digit of 47879?
9
What is the units digit of 474?
4
What is the thousands digit of 23569?
3
What is the hundreds digit of 2238?
2
What is the thousands digit of 5273?
5
What is the hundreds digit of 1452?
4
What is the hundreds digit of 3083?
0
What is the thousands digit of 6248?
6
What is the tens digit of 101285?
8
What is the hundreds digit of 5020?
0
What is the thousands digit of 68236?
8
What is the thousands digit of 2330?
2
What is the thousands digit of 13449?
3
What is the ten thousands digit of 51323?
5
What is the units digit of 2390?
0
What is the hundreds digit of 542?
5
What is the thousands digit of 1823?
1
What is the units digit of 1759?
9
What is the tens digit of 2293?
9
What is the thousands digit of 6002?
6
What is the hundreds digit of 153?
1
What is the thousands digit of 1873?
1
What is the hundreds digit of 14226?
2
What is the hundreds digit of 2035?
0
What is the thousands digit of 116818?
6
What is the units digit of 258?
8
What is the units digit of 11872?
2
What is the tens digit of 2859?
5
What is the tens digit of 29824?
2
What is the ten thousands digit of 14681?
1
What is the tens digit of 8085?
8
What is the tens digit of 24326?
2
What is the units digit of 1708?
8
What is the units digit of 2621?
1
What is the tens digit of 27960?
6
What is the units digit of 4652?
2
What is the ten thousands digit of 26660?
2
What is the ten thousands digit of 20931?
2
What is the ten thousands digit of 11255?
1
What is the thousands digit of 2587?
2
What is the tens digit of 710?
1
What is the hundreds digit of 9849?
8
What is the units digit of 4007?
7
What is the thousands digit of 5038?
5
What is the ten thousands digit of 173584?
7
What is the thousands digit of 1100?
1
What is the ten thousands digit of 153798?
5
What is the hundreds digit of 2420?
4
What is the units digit of 844?
4
What is the tens digit of 5089?
8
What is the tens digit of 5542?
4
What is the tens digit of 718?
1
What is the hundreds digit of 23144?
1
What is the units digit of 19502?
2
What is the thousands digit of 1743?
1
What is the tens digit of 24831?
3
What is the units digit of 71?
1
What is the tens digit of 251?
5
What is the thousands digit of 1759?
1
What is the tens digit of 6346?
4
What is the hundreds digit of 16045?
0
What is the hundreds digit of 49756?
7
What is the hundreds digit of 23717?
7
What is the tens digit of 607?
0
What is the ten thousands digit of 20747?
2
What is the hundreds digit of 115931?
9
What is the hundreds digit of 449?
4
What is the hundreds digit of 641?
6
What is the tens digit of 58452?
5
What is the thousands digit of 3628?
3
What is the thousands digit of 146042?
6
What is the hundreds digit of 8544?
5
What is the ten thousands digit of 18096?
1
What is the tens digit of 24046?
4
What is the ten thousands digit of 16723?
1
What is the tens digit of 552?
5
What is the units digit of 1309?
9
What is the units digit of 38770?
0
What is the tens digit of 740?
4
What is the tens digit of 3442?
4
What is the tens digit of 76?
7
What is the tens digit of 33755?
5
What is the hundreds digit of 420?
4
What is the units digit of 10334?
4
What is the thousands digit of 15040?
5
What is the units digit of 29859?
9
What is the tens digit of 264?
6
What is the hundreds digit of 35865?
8
What is the tens digit of 1403?
0
What is the hundreds digit of 6012?
0
What is the ten thousands digit of 22469?
2
What is the tens digit of 536?
3
What is the tens digit of 974?
7
What is the units digit of 15?
5
What is the tens digit of 6827?
2
What is the hundreds digit of 35325?
3
What is the tens digit of 95?
9
What is the hundreds digi